{"id":17154,"date":"2026-03-16T10:50:13","date_gmt":"2026-03-16T10:50:13","guid":{"rendered":"https:\/\/guerradeofertas.com.es\/index.php\/producto\/1569317771-2\/"},"modified":"2026-03-16T10:50:14","modified_gmt":"2026-03-16T10:50:14","slug":"1569317771-2","status":"publish","type":"product","link":"https:\/\/guerradeofertas.com.es\/index.php\/producto\/1569317771-2\/","title":{"rendered":"1569317771"},"content":{"rendered":"<p>&#8211; Nuevo<br \/>\n&#8211; Condici\u00f3n de menta<br \/>\n&#8211; Env\u00edo el mismo d\u00eda para el pedido recibido antes de las 12 del mediod\u00eda<br \/>\n&#8211; Embalaje garantizado<br \/>\n&#8211; Devoluciones sin objeciones<\/p>\n","protected":false},"excerpt":{"rendered":"<p><b>The Art of Spirited Away<\/b><\/p>\n","protected":false},"featured_media":17153,"comment_status":"open","ping_status":"closed","template":"","meta":[],"product_cat":[15],"product_tag":[],"class_list":{"0":"post-17154","1":"product","2":"type-product","3":"status-publish","4":"has-post-thumbnail","6":"product_cat-sin-categorizar","8":"first","9":"instock","10":"shipping-taxable","11":"product-type-external"},"_links":{"self":[{"href":"https:\/\/guerradeofertas.com.es\/index.php\/wp-json\/wp\/v2\/product\/17154","targetHints":{"allow":["GET"]}}],"collection":[{"href":"https:\/\/guerradeofertas.com.es\/index.php\/wp-json\/wp\/v2\/product"}],"about":[{"href":"https:\/\/guerradeofertas.com.es\/index.php\/wp-json\/wp\/v2\/types\/product"}],"replies":[{"embeddable":true,"href":"https:\/\/guerradeofertas.com.es\/index.php\/wp-json\/wp\/v2\/comments?post=17154"}],"wp:featuredmedia":[{"embeddable":true,"href":"https:\/\/guerradeofertas.com.es\/index.php\/wp-json\/wp\/v2\/media\/17153"}],"wp:attachment":[{"href":"https:\/\/guerradeofertas.com.es\/index.php\/wp-json\/wp\/v2\/media?parent=17154"}],"wp:term":[{"taxonomy":"product_cat","embeddable":true,"href":"https:\/\/guerradeofertas.com.es\/index.php\/wp-json\/wp\/v2\/product_cat?post=17154"},{"taxonomy":"product_tag","embeddable":true,"href":"https:\/\/guerradeofertas.com.es\/index.php\/wp-json\/wp\/v2\/product_tag?post=17154"}],"curies":[{"name":"wp","href":"https:\/\/api.w.org\/{rel}","templated":true}]}}